3.
3
What is the greatest common divisor of 68199534 and 2274?
2274
Calculate the highest common factor of 1134 and 1696240.
14
Calculate the greatest common factor of 121765 and 182896.
497
What is the highest common divisor of 7142152 and 1107368?
7432
What is the greatest common factor of 3460 and 748610?
10
What is the highest common divisor of 1029589 and 847?
121
Calculate the greatest common divisor of 405 and 2680695.
405
Calculate the greatest common factor of 3865255 and 165615.
905
What is the greatest common divisor of 28328379 and 303?
303
What is the greatest common divisor of 163840 and 301568?
512
Calculate the greatest common factor of 12 and 238846314.
6
What is the greatest common factor of 207 and 3814857?
9
Calculate the greatest common divisor of 476027511 and 807.
807
Calculate the greatest common factor of 117137724 and 474.
474
Calculate the greatest common factor of 130180 and 36224.
1132
What is the highest common divisor of 1 and 70305839?
1
Calculate the highest common divisor of 100 and 2037345800.
100
What is the greatest common divisor of 154035 and 522578?
1141
Calculate the greatest common factor of 28 and 119598360.
28
Calculate the greatest common factor of 6141825 and 1685.
1685
Calculate the greatest common divisor of 98 and 142072.
14
Calculate the highest common divisor of 11111007 and 121368.
1167
Calculate the greatest common divisor of 321 and 7376473.
107
Calculate the greatest common divisor of 2582528 and 5941832.
10088
What is the highest common divisor of 185 and 53254211?
37
What is the greatest common divisor of 1128905110 and 1675?
335
Calculate the greatest common factor of 5 and 67179685.
5
What is the highest common factor of 29163055 and 15?
5
Calculate the greatest common divisor of 2478 and 82302.
6
What is the highest common divisor of 47819958 and 12?
6
Calculate the greatest common factor of 9464032 and 64.
32
Calculate the highest common factor of 33680 and 1712.
16
Calculate the highest common factor of 9400 and 943729450.
2350
What is the highest common divisor of 52671471 and 438?
219
Calculate the highest common divisor of 44201758 and 23888.
2986
Calculate the greatest common divisor of 76 and 69227336.
76
Calculate the highest common factor of 35484086 and 22.
22
Calculate the highest common divisor of 259 and 258889.
37
Calculate the highest common factor of 53387 and 3850097.
271
What is the greatest common divisor of 5184519 and 127029?
789
What is the greatest common factor of 616938616 and 196?
196
Calculate the highest common factor of 595218 and 779536.
1174
Calculate the greatest common divisor of 2104940 and 5330.
410
What is the greatest common factor of 6600 and 285204?
12
What is the highest common factor of 835366 and 1946?
14
Calculate the greatest common divisor of 383238 and 2448.
18
What is the greatest common divisor of 486 and 346374?
18
Calculate the greatest common factor of 3370086 and 34790.
142
Calculate the highest common divisor of 15893 and 1448336.
691
What is the highest common factor of 456 and 1303438?
38
Calculate the greatest common factor of 78483555 and 12450.
1245
What is the greatest common divisor of 13273 and 3757?
13
What is the highest common divisor of 4361373 and 72?
9
What is the highest common divisor of 1585 and 180935992?
317
Calculate the greatest common divisor of 1578 and 465229116.
1578
What is the highest common divisor of 1461011 and 244?
61
What is the greatest common factor of 7637640 and 210?
30
What is the greatest common factor of 269031 and 44436?
483
What is the greatest common divisor of 208 and 227344?
208
What is the highest common factor of 100 and 31323680?
20
Calculate the greatest common divisor of 46773330 and 3605.
515
What is the greatest common factor of 409866 and 7278?
6
What is the highest common divisor of 7424 and 79025?
29
Calculate the highest common divisor of 52877 and 2146544.
437
Calculate the greatest common factor of 864 and 2235384.
216
What is the greatest common divisor of 342 and 16884?
18
What is the highest common divisor of 199064 and 30320?
8
Calculate the greatest common factor of 27325 and 2525.
25
What is the highest common factor of 176 and 24596208?
16
What is the highest common divisor of 771064 and 44117?
281
Calculate the greatest common factor of 202998 and 1472.
46
Calculate the greatest common factor of 1049365 and 1711.
29
Calculate the highest common factor of 261233435 and 24025.
4805
Calculate the greatest common divisor of 5058 and 125838.
18
What is the highest common factor of 88669 and 31787?
1673
What is the greatest common divisor of 2073817 and 12627?
61
Calculate the highest common factor of 983280 and 48280.
680
What is the greatest common divisor of 1470 and 32344900?
490
What is the greatest common factor of 135724313 and 878?
439
What is the greatest common factor of 1001067068 and 6376?
3188
Calculate the greatest common divisor of 2815302 and 1638.
42
Calculate the greatest common factor of 1 and 976026.
1
Calculate the greatest common divisor of 32198 and 543898.
34
What is the greatest common divisor of 955592 and 135344?
88
Calculate the greatest common factor of 138689455 and 40.
5
Calculate the highest common divisor of 298 and 2647812844.
298
What is the highest common divisor of 5770980 and 144?
36
Calculate the greatest common divisor of 2030 and 740225.
145
Calculate the greatest common divisor of 4807 and 78195469.
4807
What is the highest common divisor of 1260 and 3073280?
140
What is the greatest common divisor of 1057844 and 5?
1
What is the greatest common divisor of 775 and 1188695?
155
Calculate the greatest common divisor of 42537 and 31548.
33
Calculate the highest common divisor of 37428 and 40164.
12
What is the greatest common divisor of 322 and 1294912?
2
Calculate the highest common factor of 3369978 and 60.
6
What is the greatest common factor of 1700 and 7805975?
425
What is the highest common divisor of 399 and 18378927?
21
Calculate the highest common divisor of 298136 and 5893.
83
What is the greatest common factor of 77475629 and 616?
77
What is the greatest common factor of 307998355 and 1491?
497
Calculate the highest common factor of 37098366 and 6.
6
What is the highest common factor of 106951 and 79287?
247
What is the highest common factor of 652977 and 16627?
13
What is the highest common divisor of 4697 and 169?
1
What is the highest common factor of 156893280 and 3360?
480
What is the greatest common factor of 10 and 375023255?
5
Calculate the highest common factor of 7585 and 1007695.
185
Calculate the highest common divisor of 57420916 and 476.
28
What is the highest common divisor of 33 and 589904293?
11
What is the highest common divisor of 8652 and 768972?
12
Calculate the greatest common factor of 71328 and 81880086.
4458
What is the greatest common divisor of 312816 and 16524528?
912
Calculate the greatest common divisor of 1284 and 102164884.
428
Calculate the highest common divisor of 36519 and 2730230.
1739
Calculate the greatest common divisor of 33 and 132098175.
33
What is the highest common factor of 39157647 and 3129?
447
What is the greatest common factor of 145017840 and 60?
60
What is the highest common divisor of 11284 and 40145?
217
Calculate the greatest common divisor of 8939968 and 192.
64
What is the highest common factor of 1349 and 148738?
1
Calculate the greatest common divisor of 10426009 and 396.
11
Calculate the greatest common factor of 2079 and 28335153.
231
What is the highest common divisor of 118 and 50145929?
59
What is the highest common factor of 588595 and 506520?
2345
What is the highest common divisor of 105399495 and 480?
15
What is the greatest common factor of 4743 and 6546921?
1581
What is the highest common divisor of 237321 and 483?
21
What is the greatest common factor of 34191 and 380016?
261
Calculate the greatest common divisor of 550605 and 14910.
1065
Calculate the greatest common factor of 185852340 and 48.
12
Calculate the greatest common divisor of 17212245 and 68.
17
Calculate the greatest common factor of 6371 and 80511158.
277
What is the highest common factor of 6357061 and 9589?
223
What is the highest common divisor of 2108589 and 13671?
651
What is the g